?
7
What is the hundreds digit of 525?
5
What is the tens digit of 4641?
4
What is the tens digit of 33158?
5
What is the thousands digit of 15272?
5
What is the hundreds digit of 10691?
6
What is the hundreds digit of 478?
4
What is the units digit of 45559?
9
What is the hundreds digit of 19145?
1
What is the hundreds digit of 578?
5
What is the tens digit of 14366?
6
What is the tens digit of 4151?
5
What is the tens digit of 10648?
4
What is the hundreds digit of 631?
6
What is the thousands digit of 1124?
1
What is the thousands digit of 24481?
4
What is the units digit of 2276?
6
What is the tens digit of 115190?
9
What is the hundreds digit of 4765?
7
What is the tens digit of 26858?
5
What is the hundreds digit of 4535?
5
What is the ten thousands digit of 19233?
1
What is the thousands digit of 6369?
6
What is the units digit of 32176?
6
What is the thousands digit of 6567?
6
What is the hundreds digit of 107096?
0
What is the units digit of 10020?
0
What is the thousands digit of 6227?
6
What is the thousands digit of 51251?
1
What is the units digit of 3049?
9
What is the ten thousands digit of 21958?
2
What is the tens digit of 3742?
4
What is the tens digit of 7146?
4
What is the hundreds digit of 6681?
6
What is the ten thousands digit of 47348?
4
What is the thousands digit of 11508?
1
What is the thousands digit of 15820?
5
What is the hundreds digit of 972?
9
What is the tens digit of 12186?
8
What is the ten thousands digit of 104473?
0
What is the thousands digit of 29218?
9
What is the tens digit of 77?
7
What is the units digit of 8270?
0
What is the units digit of 6530?
0
What is the thousands digit of 3102?
3
What is the tens digit of 194?
9
What is the thousands digit of 2098?
2
What is the ten thousands digit of 32132?
3
What is the thousands digit of 2770?
2
What is the units digit of 35096?
6
What is the hundreds digit of 2992?
9
What is the tens digit of 8464?
6
What is the units digit of 22516?
6
What is the tens digit of 42?
4
What is the tens digit of 351?
5
What is the hundreds digit of 848?
8
What is the units digit of 4527?
7
What is the tens digit of 2465?
6
What is the hundreds digit of 969?
9
What is the units digit of 877?
7
What is the ten thousands digit of 31327?
3
What is the hundreds digit of 2592?
5
What is the tens digit of 1125?
2
What is the hundreds digit of 2958?
9
What is the thousands digit of 106340?
6
What is the units digit of 5452?
2
What is the hundreds digit of 8454?
4
What is the thousands digit of 14165?
4
What is the tens digit of 7175?
7
What is the units digit of 623?
3
What is the thousands digit of 69239?
9
What is the tens digit of 15673?
7
What is the hundreds digit of 1897?
8
What is the hundreds digit of 57703?
7
What is the hundreds digit of 3702?
7
What is the units digit of 10170?
0
What is the hundreds digit of 752?
7
What is the ten thousands digit of 23285?
2
What is the tens digit of 8145?
4
What is the thousands digit of 1580?
1
What is the units digit of 2176?
6
What is the units digit of 6059?
9
What is the thousands digit of 4412?
4
What is the hundreds digit of 3275?
2
What is the hundreds digit of 43618?
6
What is the hundreds digit of 782?
7
What is the units digit of 1733?
3
What is the ten thousands digit of 11763?
1
What is the ten thousands digit of 36496?
3
What is the hundreds digit of 101?
1
What is the units digit of 145?
5
What is the units digit of 68725?
5
What is the units digit of 11939?
9
What is the thousands digit of 5315?
5
What is the thousands digit of 114444?
4
What is the units digit of 2975?
5
What is the hundreds digit of 132?
1
What is the thousands digit of 5861?
5
What is the tens digit of 23510?
1
What is the thousands digit of 23632?
3
What is the units digit of 5105?
5
What is the tens digit of 544?
4
What is the ten thousands digit of 46729?
4
What is the tens digit of 326?
2
What is the ten thousands digit of 156107?
5
What is the hundreds digit of 5688?
6
What is the hundreds digit of 437?
4
What is the tens digit of 3531?
3
What is the ten thousands digit of 39568?
3
What is the ten thousands digit of 48386?
4
What is the ten thousands digit of 45903?
4
What is the hundreds digit of 2414?
4
What is the units digit of 20325?
5
What is the ten thousands digit of 14054?
1
What is the units digit of 1789?
9
What is the units digit of 10566?
6
What is the tens digit of 1888?
8
What is the hundreds digit of 1090?
0
What is the thousands digit of 1157?
1
What is the thousands digit of 21185?
1
What is the ten thousands digit of 21552?
2
What is the hundreds digit of 261?
2
What is the units digit of 1180?
0
What is the tens digit of 97?
9
What is the units digit of 21943?
3
What is the tens digit of 2066?
6
What is the tens digit of 25643?
4
What is the tens digit of 17424?
2
What is the thousands digit of 5066?
5
What is the hundreds digit of 728?
7
What is the ten thousands digit of 25684?
2
What is the thousands digit of 16619?
6
What is the tens digit of 583?
8
What is the units digit of 3972?
2
What is the units digit of 112356?
6
What is the units digit of 2094?
4
What is the units digit of 53435?
5
What is the hundreds digit of 23113?
1
What is the tens digit of 1091?
9
What is the hundreds digit of 270?
2
What is the units digit of 849?
9
What is the tens digit of 3879?
7
What is the hundreds digit of 17675?
6
What is the units digit of 1235?
5
What is the tens digit of 88?
8
What is the hundreds digit of 70698?
6
What is the units digit of 9223?
3
What is the tens digit of 1091?
9
What is the hundreds digit of 54493?
4
What is the tens digit of 1318?
1
What is the hundreds digit of 1540?
5
What is the thousands digit of 14424?
4
What is the tens digit of 65693?
9
What is the tens digit of 3149?
4
What is the hundreds digit of 28235?
2
What is the thousands digit of 21563?
1
What is the units digit of 54321?
1
What is the thousands digit of 1530?
1
What is the hundreds digit of 50973?
9
What is the units digit of 22614?
4
What is the hundreds digit of 13009?
0
What is the ten thousands digit of 49733?
4
What is the tens digit of 85524?
2
What is the thousands digit of 108362?
8
What is the ten thousands digit of 13183?
1
What is the thousands digit of 13965?
3
What is the thousands digit of 1907?
1
What is the units digit of 3002?
2
What is the hundreds digit of 375?
3
What is the tens digit of 31122?
2
What is the thousands digit of 66309?
6
What is the units digit of 1944?
4
What is the ten thousands digit of 89912?
8
What is the hundreds digit of 100202?
2
What is the units digit of 6791?
1
What is the units digit of 15206?
6
What is the thousands digit of 36337?
6
What is the tens digit of 726?
2
What is the units digit of 10344?
4
What is the units digit of 62743?
3
What is the tens digit of 2282?
8
What is the hundreds digit of 285?
2
What is the ten thousands digit of 31407?
3
What is the thousands digit of 3576?
3
What is the units digit of 443?
3
What is the tens digit of 2271?
7
What is the ten thousands digit of 74922?
7
What is the units digit of 6422?
2
What is the tens digit of 325?
2
What is the hundreds digit of 55485?
4
What is the tens digit of 24518?
1
What is the ten thousands digit of 37871?
3
What is the tens digit of 50868?
6
What is the thousands digit of 148612?
8
What is the thousands digit of 2279?
2
What is the units digit of 193?
3
What is the ten thousands digit of 121721?
2
What is the thousands digit of 6395?
6
What is the thousands digit of 14735?
4
What is the tens digit of 25703?
0
What is the tens digit of 8271?
7
What is the hundreds digit of 1269?
2
What is the thousands digit of 1428?
1
What is the units digit of 10793?
3
What is the tens digit of 2210?
1
What is the thousands digit of 7411?
7
What is the hundreds digit of 47397?
3
What is the ten thousands digit of 95321?
9
What is the tens digit of 2896?
9
What is the tens digit of 8895?
9
What is the hundreds digit of 9096?
0
What is the hundreds digit of 2679?
6
What is the thousands digit of 2945?
2
What is the units digit of 688?
8
What is the hundred thousands digit of 149976?
1
What is the tens digit of 716?
1
What is the tens digit of 58?
5
What is the ten thousands digit of 45393?
4
What is the thousands digit of 24260?
4
What